{"id":90,"date":"2024-07-25T21:09:17","date_gmt":"2024-07-25T21:09:17","guid":{"rendered":"https:\/\/cmonit.com.mx\/?page_id=90"},"modified":"2026-02-17T17:37:30","modified_gmt":"2026-02-17T17:37:30","slug":"inicio","status":"publish","type":"page","link":"https:\/\/cmonit.com.mx\/","title":{"rendered":"Inicio"},"content":{"rendered":"\t\t<div data-elementor-type=\"wp-page\" data-elementor-id=\"90\" class=\"elementor elementor-90\">\n\t\t\t\t\t\t<section class=\"elementor-section elementor-top-section elementor-element elementor-element-1713bbe4 elementor-section-boxed elementor-section-height-default elementor-section-height-default\" data-id=\"1713bbe4\" data-element_type=\"section\" data-settings=\"{&quot;background_background&quot;:&quot;classic&quot;}\">\n\t\t\t\t\t\t<div class=\"elementor-container elementor-column-gap-default\">\n\t\t\t\t\t<div class=\"elementor-column elementor-col-100 elementor-top-column elementor-element elementor-element-19c601d7\" data-id=\"19c601d7\" data-element_type=\"column\">\n\t\t\t<div class=\"elementor-widget-wrap elementor-element-populated\">\n\t\t\t\t\t\t<div class=\"elementor-element elementor-element-6fdc4831 elementor-widget elementor-widget-text-editor\" data-id=\"6fdc4831\" data-element_type=\"widget\" data-widget_type=\"text-editor.default\">\n\t\t\t\t<div class=\"elementor-widget-container\">\n\t\t\t<style>\/*! elementor - v3.23.0 - 05-08-2024 *\/\n.elementor-widget-text-editor.elementor-drop-cap-view-stacked .elementor-drop-cap{background-color:#69727d;color:#fff}.elementor-widget-text-editor.elementor-drop-cap-view-framed .elementor-drop-cap{color:#69727d;border:3px solid;background-color:transparent}.elementor-widget-text-editor:not(.elementor-drop-cap-view-default) .elementor-drop-cap{margin-top:8px}.elementor-widget-text-editor:not(.elementor-drop-cap-view-default) .elementor-drop-cap-letter{width:1em;height:1em}.elementor-widget-text-editor .elementor-drop-cap{float:left;text-align:center;line-height:1;font-size:50px}.elementor-widget-text-editor .elementor-drop-cap-letter{display:inline-block}<\/style>\t\t\t\t<!-- wp:stackable\/heading {\"align\":\"full\",\"contentAlign\":\"center\",\"uniqueId\":\"3b160b9\",\"hasBackground\":true,\"blockBackgroundMediaUrl\":\"https:\/\/cmonit.com.mx\/wp-content\/uploads\/2026\/02\/cmonit.webp\",\"blockBackgroundTintStrength\":2,\"blockBackgroundCustomSize\":41,\"blockFixedBackground\":false,\"blockBorderWidth\":{\"top\":1,\"right\":1,\"bottom\":1,\"left\":1},\"blockHeight\":0,\"blockWidth\":1500,\"blockVerticalAlign\":\"center\",\"blockHorizontalAlign\":\"center\",\"blockMargin\":{\"top\":37,\"right\":37,\"bottom\":37,\"left\":37},\"blockPadding\":{\"top\":200,\"right\":200,\"bottom\":200,\"left\":200},\"fontSize\":51,\"fontFamily\":\"Sans-Serif\",\"textColor1\":\"#ffffff\"} -->\n<div id=\"estrategia-y-enfoque-es-lo-que-nos-compone\" class=\"wp-block-stackable-heading alignfull stk-block-heading stk-block-heading--v2 stk-block stk-3b160b9 stk-block-background stk--has-background-overlay\" data-block-id=\"3b160b9\"><style>\n.stk-3b160b9{\nbackground-image:url(https:\/\/cmonit.com.mx\/wp-content\/uploads\/2026\/02\/cmonit.webp) !important;\nmin-height:0px !important;\nalign-items:center !important;\nmax-width:1500px !important;\npadding-top:200px !important;\npadding-right:200px !important;\npadding-bottom:200px !important;\npadding-left:200px !important;\nmargin-top:37px !important;\nmargin-right:auto !important;\nmargin-bottom:37px !important;\nmargin-left:auto !important;\ndisplay:flex !important\n}\n\n.stk-3b160b9:before{\nbackground-color:#000000 !important;\nopacity:0.2 !important\n}\n\n.stk-3b160b9 .stk-block-heading__text{\nfont-size:51px !important;\ncolor:#ffffff !important;\nfont-family:-apple-system,BlinkMacSystemFont,\"Segoe UI\",Roboto,Helvetica,Arial,sans-serif,\"Apple Color Emoji\",\"Segoe UI Emoji\",\"Segoe UI Symbol\" !important\n}\n\n@media screen and (max-width:1023px){\n.stk-3b160b9 .stk-block-heading__text{\nfont-size:50px !important\n}\n}\n<\/style>\n<h2 class=\"stk-block-heading__text has-text-color has-text-align-center\">\u00abEstrategia y enfoque es lo que nos compone\u00bb<\/h2>\n<\/div>\n<!-- \/wp:stackable\/heading -->\n<p>&nbsp;<\/p>\n\n<!-- wp:stackable\/columns {\"uniqueId\":\"ee16d49\",\"hasBackground\":true,\"blockBackgroundColor\":\"#222bb1\",\"blockHeight\":0,\"blockVerticalAlign\":\"center\",\"blockMargin\":{\"bottom\":0},\"columnGap\":48,\"rowGap\":0,\"align\":\"full\",\"containerWidth\":1500,\"containerHorizontalAlign\":\"center\"} --> <div class=\"wp-block-stackable-columns alignfull stk-block-columns stk-block stk-ee16d49 stk-block-background\" data-block-id=\"ee16d49\"><style>.stk-ee16d49{background-color:#222bb1 !important;min-height:0px !important;align-items:center !important;margin-bottom:0px !important;display:flex !important}.stk-ee16d49:before{background-color:#222bb1 !important}.stk-ee16d49-column{max-width:1500px !important;margin-right:auto !important;margin-left:auto !important;--stk-column-gap:48px !important;row-gap:0px !important}<\/style> <div class=\"stk-row stk-inner-blocks stk-block-content stk-content-align stk-ee16d49-column\"><!-- wp:stackable\/column {\"uniqueId\":\"cc078a1\",\"containerVerticalAlign\":\"center\",\"columnAdjacentCount\":2} --> <div class=\"wp-block-stackable-column stk-block-column stk-column stk-block stk-cc078a1\" data-v=\"4\" data-block-id=\"cc078a1\"><style>.stk-cc078a1-inner-blocks{justify-content:center !important}.stk-cc078a1-container{display:flex !important}<\/style> <div class=\"stk-column-wrapper stk-block-column__content stk-container stk-cc078a1-container stk--no-background stk--no-padding\"> <div class=\"stk-block-content stk-inner-blocks stk-cc078a1-inner-blocks\"><!-- wp:stackable\/text {\"uniqueId\":\"54a113f\",\"blockMargin\":{\"bottom\":\"\"},\"contentAlign\":\"center\",\"fontSize\":26,\"textColor1\":\"var(\\u002d\\u002dtheme-palette-color-7, #FAFBFC)\",\"columns\":1} --> <div class=\"wp-block-stackable-text stk-block-text stk-block stk-54a113f\" data-block-id=\"54a113f\"><style>.stk-54a113f .stk-block-text__text{font-size:26px !important;color:var(--theme-palette-color-7,#FAFBFC) !important}.stk-54a113f{column-count:1 !important}@media screen and (max-width:1023px){.stk-54a113f .stk-block-text__text{font-size:26px !important}}<\/style> <p class=\"stk-block-text__text has-text-color has-text-align-center\"><strong><em>CMONIT es un centro de contacto Mexicano, formado por un equipo de personas con amplia experiencia en cobranza, servicio y ventas, donde una de nuestras caracter\u00edsticas es la adaptaci\u00f3n de modelos de gesti\u00f3n de acuerdo al tipo de cartera que se asigne para cobro, servicio o venta.<\/em><\/strong><\/p> <\/div> <!-- \/wp:stackable\/text --><\/div> <\/div> <\/div> <!-- \/wp:stackable\/column --> <!-- wp:stackable\/column {\"uniqueId\":\"e113774\",\"columnAdjacentCount\":2} --> <div class=\"wp-block-stackable-column stk-block-column stk-column stk-block stk-e113774\" data-v=\"4\" data-block-id=\"e113774\"> <div class=\"stk-column-wrapper stk-block-column__content stk-container stk-e113774-container stk--no-background stk--no-padding\"> <div class=\"stk-block-content stk-inner-blocks stk-e113774-inner-blocks\"><!-- wp:stackable\/image {\"uniqueId\":\"1d5d1d2\",\"blockWidth\":1500,\"imageUrl\":\"https:\/\/cmonit.com.mx\/wp-content\/uploads\/2024\/07\/young-business-woman-working-in-her-luxurious-office-holding-laptop-standing-against-panoramic-window-with-view-on-business-district-scaled.jpg\",\"imageId\":153,\"imageWidthAttribute\":2517,\"imageHeightAttribute\":2560,\"imageHeight\":600,\"imageZoom\":0.92} --> <div class=\"wp-block-stackable-image stk-block-image stk-block stk-1d5d1d2\" data-block-id=\"1d5d1d2\"><style>.stk-1d5d1d2{max-width:1500px !important}.stk-1d5d1d2 .stk-img-wrapper{height:600px !important}.stk-1d5d1d2 .stk-img-wrapper img{transform:scale(0.92) !important}<\/style> <figure><span class=\"stk-img-wrapper stk-image--shape-stretch\"><img fetchpriority=\"high\" decoding=\"async\" class=\"stk-img wp-image-153\" src=\"https:\/\/cmonit.com.mx\/wp-content\/uploads\/2024\/07\/young-business-woman-working-in-her-luxurious-office-holding-laptop-standing-against-panoramic-window-with-view-on-business-district-scaled.jpg\" width=\"2517\" height=\"2560\" srcset=\"https:\/\/cmonit.com.mx\/wp-content\/uploads\/2024\/07\/young-business-woman-working-in-her-luxurious-office-holding-laptop-standing-against-panoramic-window-with-view-on-business-district-scaled.jpg 2517w, https:\/\/cmonit.com.mx\/wp-content\/uploads\/2024\/07\/young-business-woman-working-in-her-luxurious-office-holding-laptop-standing-against-panoramic-window-with-view-on-business-district-295x300.jpg 295w, https:\/\/cmonit.com.mx\/wp-content\/uploads\/2024\/07\/young-business-woman-working-in-her-luxurious-office-holding-laptop-standing-against-panoramic-window-with-view-on-business-district-1007x1024.jpg 1007w, https:\/\/cmonit.com.mx\/wp-content\/uploads\/2024\/07\/young-business-woman-working-in-her-luxurious-office-holding-laptop-standing-against-panoramic-window-with-view-on-business-district-768x781.jpg 768w, https:\/\/cmonit.com.mx\/wp-content\/uploads\/2024\/07\/young-business-woman-working-in-her-luxurious-office-holding-laptop-standing-against-panoramic-window-with-view-on-business-district-1510x1536.jpg 1510w, https:\/\/cmonit.com.mx\/wp-content\/uploads\/2024\/07\/young-business-woman-working-in-her-luxurious-office-holding-laptop-standing-against-panoramic-window-with-view-on-business-district-2014x2048.jpg 2014w\" sizes=\"(max-width: 2517px) 100vw, 2517px\" \/><\/span><\/figure> <\/div> <!-- \/wp:stackable\/image --><\/div> <\/div> <\/div> <!-- \/wp:stackable\/column --><\/div> <\/div> <!-- \/wp:stackable\/columns --> <!-- wp:stackable\/columns {\"uniqueId\":\"46a5810\",\"blockHeight\":0,\"blockWidth\":1500,\"blockVerticalAlign\":\"center\",\"align\":\"wide\",\"columnJustify\":\"center\",\"innerBlockContentAlign\":\"alignfull\",\"containerWidth\":1500,\"containerHorizontalAlign\":\"center\"} --> <div class=\"wp-block-stackable-columns alignwide stk-block-columns stk-block stk-46a5810\" data-block-id=\"46a5810\"><style>.stk-46a5810{min-height:0px !important;align-items:center !important;max-width:1500px !important;display:flex !important}.stk-46a5810-column{max-width:1500px !important;margin-right:auto !important;margin-left:auto !important;justify-content:center !important}<\/style> <div class=\"stk-row stk-inner-blocks stk-block-content stk-content-align stk-46a5810-column stk--flex alignfull\"><!-- wp:stackable\/column {\"uniqueId\":\"94facc2\"} --> <div class=\"wp-block-stackable-column stk-block-column stk-column stk-block stk-94facc2\" data-v=\"4\" data-block-id=\"94facc2\"> <div class=\"stk-column-wrapper stk-block-column__content stk-container stk-94facc2-container stk--no-background stk--no-padding\"> <div class=\"stk-block-content stk-inner-blocks stk-94facc2-inner-blocks\"><!-- wp:stackable\/columns {\"uniqueId\":\"9958e60\",\"blockMargin\":{\"bottom\":136},\"columnGap\":48,\"align\":\"full\",\"contentAlign\":\"center\",\"innerBlockContentAlign\":\"alignfull\"} --> <div class=\"wp-block-stackable-columns alignfull stk-block-columns stk-block stk-9958e60\" data-block-id=\"9958e60\"><style>.stk-9958e60{margin-bottom:136px !important}.stk-9958e60-column{--stk-column-gap:48px !important}<\/style> <div class=\"stk-row stk-inner-blocks has-text-align-center stk-block-content stk-content-align stk-9958e60-column alignfull\"><!-- wp:stackable\/column {\"uniqueId\":\"65a9379\"} --> <div class=\"wp-block-stackable-column stk-block-column stk-column stk-block stk-65a9379\" data-v=\"4\" data-block-id=\"65a9379\"> <div class=\"stk-column-wrapper stk-block-column__content stk-container stk-65a9379-container stk--no-background stk--no-padding\"> <div class=\"stk-block-content stk-inner-blocks stk-65a9379-inner-blocks\"><!-- wp:stackable\/image {\"uniqueId\":\"3c1c256\",\"imageUrl\":\"https:\/\/cmonit.com.mx\/wp-content\/uploads\/2024\/07\/GRUPO-OPERACIONES.png\",\"imageId\":158,\"imageWidthAttribute\":4867,\"imageHeightAttribute\":4500,\"imageHeight\":500} --> <div class=\"wp-block-stackable-image stk-block-image stk-block stk-3c1c256\" data-block-id=\"3c1c256\"><style>.stk-3c1c256 .stk-img-wrapper{height:500px !important}<\/style> <figure><span class=\"stk-img-wrapper stk-image--shape-stretch\"><img decoding=\"async\" class=\"stk-img wp-image-158\" src=\"https:\/\/cmonit.com.mx\/wp-content\/uploads\/2024\/07\/GRUPO-OPERACIONES.png\" width=\"4867\" height=\"4500\" srcset=\"https:\/\/cmonit.com.mx\/wp-content\/uploads\/2024\/07\/GRUPO-OPERACIONES.png 4867w, https:\/\/cmonit.com.mx\/wp-content\/uploads\/2024\/07\/GRUPO-OPERACIONES-300x277.png 300w, https:\/\/cmonit.com.mx\/wp-content\/uploads\/2024\/07\/GRUPO-OPERACIONES-1024x947.png 1024w, https:\/\/cmonit.com.mx\/wp-content\/uploads\/2024\/07\/GRUPO-OPERACIONES-768x710.png 768w, https:\/\/cmonit.com.mx\/wp-content\/uploads\/2024\/07\/GRUPO-OPERACIONES-1536x1420.png 1536w, https:\/\/cmonit.com.mx\/wp-content\/uploads\/2024\/07\/GRUPO-OPERACIONES-2048x1894.png 2048w\" sizes=\"(max-width: 4867px) 100vw, 4867px\" \/><\/span><\/figure> <\/div> <!-- \/wp:stackable\/image --><\/div> <\/div> <\/div> <!-- \/wp:stackable\/column --> <!-- wp:stackable\/column {\"uniqueId\":\"c0351ec\",\"containerVerticalAlign\":\"center\"} --> <div class=\"wp-block-stackable-column stk-block-column stk-column stk-block stk-c0351ec\" data-v=\"4\" data-block-id=\"c0351ec\"><style>.stk-c0351ec-inner-blocks{justify-content:center !important}.stk-c0351ec-container{display:flex !important}<\/style> <div class=\"stk-column-wrapper stk-block-column__content stk-container stk-c0351ec-container stk--no-background stk--no-padding\"> <div class=\"stk-block-content stk-inner-blocks stk-c0351ec-inner-blocks\"><!-- wp:stackable\/heading {\"contentAlign\":\"center\",\"uniqueId\":\"47bc77a\",\"blockMargin\":{\"bottom\":57}} --> <div id=\"mil-llamadas-un-solo-resultado-efectividad\" class=\"wp-block-stackable-heading stk-block-heading stk-block-heading--v2 stk-block stk-47bc77a\" data-block-id=\"47bc77a\"><style>.stk-47bc77a{margin-bottom:57px !important}<\/style> <h2 class=\"stk-block-heading__text has-text-align-center\">\u00abMil llamadas un solo resultado, efectividad.\u00bb<\/h2> <\/div> <!-- \/wp:stackable\/heading --> <!-- wp:stackable\/text {\"uniqueId\":\"36fd8e0\",\"blockMargin\":{\"bottom\":2},\"contentAlign\":\"justify\"} --> <div class=\"wp-block-stackable-text stk-block-text stk-block stk-36fd8e0\" data-block-id=\"36fd8e0\"><style>.stk-36fd8e0{margin-bottom:2px !important}<\/style> <p class=\"stk-block-text__text has-text-align-justify\"><strong>Dise\u00f1amos estrategias de acuerdo a las particularidades de la cartera asignada, encaminados a ser el principal socio comercial por medio de la eficiencia, seguridad y confianza.<\/strong><br \/><br \/><strong>Todo esto reforzado con tecnolog\u00eda especializada, que consolida la fortaleza de su equipo de profesionales.<\/strong><\/p> <\/div> <!-- \/wp:stackable\/text --><\/div> <\/div> <\/div> <!-- \/wp:stackable\/column --><\/div> <\/div> <!-- \/wp:stackable\/columns --> <!-- wp:stackable\/columns {\"uniqueId\":\"1110c44\",\"blockWidth\":1500,\"blockHorizontalAlign\":\"center\",\"blockMargin\":{\"top\":\"\",\"right\":\"\",\"bottom\":\"\",\"left\":\"\"},\"blockPadding\":{\"top\":0,\"right\":0,\"bottom\":0,\"left\":0},\"columnSpacing\":13,\"columnGap\":0,\"rowGap\":9,\"align\":\"full\",\"contentAlign\":\"center\",\"rowAlign\":\"stretch\",\"columnJustify\":\"space-between\",\"containerWidth\":1500,\"containerHorizontalAlign\":\"center\"} --> <div class=\"wp-block-stackable-columns alignfull stk-block-columns stk-block stk-1110c44\" data-block-id=\"1110c44\"><style>.stk-1110c44 .stk--block-align-1110c44{align-items:stretch !important}.stk-1110c44{max-width:1500px !important;padding-top:0px !important;padding-right:0px !important;padding-bottom:0px !important;padding-left:0px !important;margin-right:auto !important;margin-left:auto !important}.stk-1110c44-column{max-width:1500px !important;margin-right:auto !important;margin-left:auto !important;--stk-columns-spacing:13px !important;--stk-column-gap:0px !important;row-gap:9px !important;justify-content:space-between !important}<\/style> <div class=\"stk-row stk-inner-blocks has-text-align-center stk--block-align-1110c44 stk-block-content stk-content-align stk-1110c44-column stk--flex\"><!-- wp:stackable\/column {\"uniqueId\":\"4129b5d\",\"blockVerticalAlign\":\"center\",\"containerHeight\":0,\"containerWidth\":1500,\"containerHorizontalAlign\":\"center\",\"containerPadding\":{\"top\":0,\"right\":0,\"bottom\":0,\"left\":0},\"innerBlockJustify\":\"center\"} --> <div class=\"wp-block-stackable-column stk-block-column stk-column stk-block stk-4129b5d\" data-v=\"4\" data-block-id=\"4129b5d\"><style>.stk-4129b5d-inner-blocks{align-items:center !important}.stk-4129b5d{align-items:center !important;display:flex !important}.stk-4129b5d-container{min-height:0px !important;max-width:1500px !important;padding-top:0px !important;padding-right:0px !important;padding-bottom:0px !important;padding-left:0px !important;margin-right:auto !important;margin-left:auto !important}<\/style> <div class=\"stk-column-wrapper stk-block-column__content stk-container stk-4129b5d-container stk--no-background stk--no-padding\"> <div class=\"stk--column-flex stk-block-content stk-inner-blocks stk-4129b5d-inner-blocks\"><!-- wp:stackable\/button-group {\"uniqueId\":\"7593f4d\",\"blockMargin\":{\"bottom\":\"\"},\"contentAlign\":\"center\"} --> <div class=\"wp-block-stackable-button-group stk-block-button-group stk-block stk-7593f4d\" data-block-id=\"7593f4d\"> <div class=\"stk-row stk-inner-blocks has-text-align-center stk-block-content stk-button-group\"><!-- wp:stackable\/button {\"uniqueId\":\"67fa8f9\",\"blockHeight\":0,\"blockVerticalAlign\":\"center\",\"blockPadding\":{\"top\":0,\"right\":0,\"bottom\":0,\"left\":0},\"buttonHoverEffect\":\"lift\",\"className\":\"is-style-link\"} --> <div class=\"wp-block-stackable-button stk-block-button is-style-link stk-block stk-67fa8f9\" data-block-id=\"67fa8f9\"><style>.stk-67fa8f9{min-height:0px !important;align-items:center !important;padding-top:0px !important;padding-right:0px !important;padding-bottom:0px !important;padding-left:0px !important;display:flex !important}<\/style><a class=\"stk-link stk-button stk--hover-effect-lift\"><span class=\"stk-button__inner-text\">Aviso de privacidad<\/span><\/a><\/div> <!-- \/wp:stackable\/button --><\/div> <\/div> <!-- \/wp:stackable\/button-group --> <!-- wp:paragraph --> <p>&nbsp;<\/p> <!-- \/wp:paragraph --><\/div> <\/div> <\/div> <!-- \/wp:stackable\/column --><\/div> <\/div> <!-- \/wp:stackable\/columns --><\/div> <\/div> <\/div> <!-- \/wp:stackable\/column --><\/div> <\/div> <!-- \/wp:stackable\/columns --> <!-- wp:stackable\/columns {\"uniqueId\":\"a583b8a\",\"columnGap\":0,\"rowGap\":0,\"align\":\"full\",\"columnJustify\":\"space-between\",\"innerBlockContentAlign\":\"alignfull\",\"containerWidth\":1500} --> <div class=\"wp-block-stackable-columns alignfull stk-block-columns stk-block stk-a583b8a\" data-block-id=\"a583b8a\"><style>.stk-a583b8a-column{max-width:1500px !important;--stk-column-gap:0px !important;row-gap:0px !important;justify-content:space-between !important}<\/style> <div class=\"stk-row stk-inner-blocks stk-block-content stk-content-align stk-a583b8a-column stk--flex alignfull\"><!-- wp:stackable\/column {\"uniqueId\":\"5462344\",\"blockWidth\":1500,\"blockVerticalAlign\":\"center\",\"contentAlign\":\"center\",\"columnAlign\":\"stretch\"} --> <div class=\"wp-block-stackable-column stk-block-column stk-column stk-block stk-5462344\" data-v=\"4\" data-block-id=\"5462344\"><style>.stk-5462344{align-self:stretch !important;align-items:center !important;max-width:1500px !important;display:flex !important}<\/style> <div class=\"stk-column-wrapper stk-block-column__content stk-container stk-5462344-container stk--no-background stk--no-padding\"> <div class=\"has-text-align-center stk-block-content stk-inner-blocks stk-5462344-inner-blocks\"><!-- wp:stackable\/icon-label {\"uniqueId\":\"19e01b3\",\"hasBackground\":true,\"blockBackgroundColor\":\"#222bb1\",\"blockWidth\":1500,\"blockVerticalAlign\":\"center\",\"align\":\"full\"} --> <div class=\"wp-block-stackable-icon-label alignfull stk-block-icon-label stk-block stk-19e01b3 stk-block-background\" data-block-id=\"19e01b3\"><style>.stk-19e01b3{background-color:#222bb1 !important;align-items:center !important;max-width:1500px !important;display:flex !important}.stk-19e01b3:before{background-color:#222bb1 !important}<\/style> <div class=\"stk-row stk-inner-blocks stk-block-content\"><!-- wp:stackable\/icon {\"uniqueId\":\"d40e2dd\",\"contentAlign\":\"center\",\"icon\":\"\\u003csvg xmlns=\\u0022http:\/\/www.w3.org\/2000\/svg\\u0022 viewBox=\\u00220 0 384 512\\u0022\\u003e\\u003cpath d=\\u0022M64 464c-8.8 0-16-7.2-16-16V64c0-8.8 7.2-16 16-16H224v80c0 17.7 14.3 32 32 32h80V448c0 8.8-7.2 16-16 16H64zM64 0C28.7 0 0 28.7 0 64V448c0 35.3 28.7 64 64 64H320c35.3 0 64-28.7 64-64V154.5c0-17-6.7-33.3-18.7-45.3L274.7 18.7C262.7 6.7 246.5 0 229.5 0H64zm56 256c-13.3 0-24 10.7-24 24s10.7 24 24 24H264c13.3 0 24-10.7 24-24s-10.7-24-24-24H120zm0 96c-13.3 0-24 10.7-24 24s10.7 24 24 24H264c13.3 0 24-10.7 24-24s-10.7-24-24-24H120z\\u0022\/\\u003e\\u003c\/svg\\u003e\",\"iconColor1\":\"var(\\u002d\\u002dtheme-palette-color-6, #f2f5f7)\",\"iconOpacity\":0} --> <div class=\"wp-block-stackable-icon stk-block-icon has-text-align-center stk-block stk-d40e2dd\" data-block-id=\"d40e2dd\"><style>.stk-d40e2dd .stk--svg-wrapper .stk--inner-svg svg:last-child{opacity:0 !important}.stk-d40e2dd .stk--svg-wrapper .stk--inner-svg svg:last-child,.stk-d40e2dd .stk--svg-wrapper .stk--inner-svg svg:last-child :is(g,path,rect,polygon,ellipse){fill:var(--theme-palette-color-6,#f2f5f7) !important}<\/style> <div class=\"stk--inner-svg\"> <\/div> <\/div> <!-- \/wp:stackable\/icon --> <!-- wp:stackable\/heading {\"contentAlign\":\"center\",\"uniqueId\":\"d36fe45\",\"hasBackground\":true,\"blockBackgroundColor\":\"#222bb1\",\"blockHeight\":107,\"blockWidth\":1500,\"blockVerticalAlign\":\"center\",\"blockHorizontalAlign\":\"center\",\"blockPadding\":{\"top\":26,\"right\":26,\"bottom\":26,\"left\":26},\"position\":\"static\",\"fontSize\":14,\"lineHeight\":1.3,\"letterSpacing\":-0.8,\"textColor1\":\"var(\\u002d\\u002dtheme-palette-color-8, #ffffff)\",\"hasP\":true,\"textTag\":\"h6\"} --> <div id=\"corporativo-de-servicios-integrales-rjg-sa-de-cv-mejor-conocido-como-cmonit-con-domicilio-en-calle-avenida-vallejo-1758-oficina-1-colonia-santa-rosa-ciudad-ciudad-de-mexico-municipio-o-delegacion-gustavo-a-madero-c-p-07620-en-la-entidad-de-cd-mx-pais-mexico-y-portal-de-internet-https-www-cmonit-com-mx-es-el-responsable-del-uso-y-proteccion-de-sus-datos-personales-y-al-respecto-le-informamos-lo-siguiente\" class=\"wp-block-stackable-heading stk-block-heading stk-block-heading--v2 stk-block stk-d36fe45 stk-block-background\" data-block-id=\"d36fe45\"><style>.stk-d36fe45{background-color:#222bb1 !important;min-height:107px !important;align-items:center !important;max-width:1500px !important;padding-top:26px !important;padding-right:26px !important;padding-bottom:26px !important;padding-left:26px !important;margin-right:auto !important;margin-left:auto !important;display:flex !important;position:static !important}.stk-d36fe45:before{background-color:#222bb1 !important}.stk-d36fe45 .stk-block-heading__text{font-size:14px !important;color:var(--theme-palette-color-8,#ffffff) !important;line-height:1.3em !important;letter-spacing:-0.8px !important}@media screen and (max-width:1023px){.stk-d36fe45 .stk-block-heading__text{font-size:14px !important}}<\/style> <h6 class=\"stk-block-heading__text has-text-color has-text-align-center\">CORPORATIVO DE SERVICIOS INTEGRALES RJG SA DE CV, mejor conocido como CMONIT, con domicilio en calle AVENIDA VALLEJO 1758, OFICINA 1, colonia SANTA ROSA, ciudad CIUDAD DE M\u00c9XICO, municipio o delegaci\u00f3n GUSTAVO A. MADERO, c.p. 07620, en la entidad de CD MX, pa\u00eds M\u00c9XICO, y portal de Internet https:\/\/www.cmonit.com.mx, es el responsable del uso y protecci\u00f3n de sus datos personales, y al respecto le informamos lo siguiente:<\/h6> <\/div> <!-- \/wp:stackable\/heading --><\/div> <\/div> <!-- \/wp:stackable\/icon-label --><\/div> <\/div> <\/div> <!-- \/wp:stackable\/column --><\/div> <\/div> <!-- \/wp:stackable\/columns -->\t\t\t\t\t\t<\/div>\n\t\t\t\t<\/div>\n\t\t\t\t\t<\/div>\n\t\t<\/div>\n\t\t\t\t\t<\/div>\n\t\t<\/section>\n\t\t\t\t<\/div>\n\t\t","protected":false},"excerpt":{"rendered":"<p>\u00abEstrategia y enfoque es lo que nos compone\u00bb &nbsp; CMONIT es un centro de contacto Mexicano, formado por un equipo de personas con amplia experiencia en cobranza, servicio y ventas, donde una de nuestras caracter\u00edsticas es la adaptaci\u00f3n de modelos de gesti\u00f3n de acuerdo al tipo de cartera que se asigne para cobro, servicio o [&hellip;]<\/p>\n","protected":false},"author":1,"featured_media":0,"parent":0,"menu_order":0,"comment_status":"closed","ping_status":"closed","template":"","meta":{"footnotes":""},"class_list":["post-90","page","type-page","status-publish","hentry"],"blocksy_meta":{"has_hero_section":"disabled","styles_descriptor":{"styles":{"desktop":"","tablet":"","mobile":""},"google_fonts":[],"version":6},"vertical_spacing_source":"custom","content_style_source":"inherit","content_area_spacing":"none"},"_links":{"self":[{"href":"https:\/\/cmonit.com.mx\/index.php\/wp-json\/wp\/v2\/pages\/90","targetHints":{"allow":["GET"]}}],"collection":[{"href":"https:\/\/cmonit.com.mx\/index.php\/wp-json\/wp\/v2\/pages"}],"about":[{"href":"https:\/\/cmonit.com.mx\/index.php\/wp-json\/wp\/v2\/types\/page"}],"author":[{"embeddable":true,"href":"https:\/\/cmonit.com.mx\/index.php\/wp-json\/wp\/v2\/users\/1"}],"replies":[{"embeddable":true,"href":"https:\/\/cmonit.com.mx\/index.php\/wp-json\/wp\/v2\/comments?post=90"}],"version-history":[{"count":57,"href":"https:\/\/cmonit.com.mx\/index.php\/wp-json\/wp\/v2\/pages\/90\/revisions"}],"predecessor-version":[{"id":222,"href":"https:\/\/cmonit.com.mx\/index.php\/wp-json\/wp\/v2\/pages\/90\/revisions\/222"}],"wp:attachment":[{"href":"https:\/\/cmonit.com.mx\/index.php\/wp-json\/wp\/v2\/media?parent=90"}],"curies":[{"name":"wp","href":"https:\/\/api.w.org\/{rel}","templated":true}]}}